{"id":114,"date":"2019-01-23T07:13:08","date_gmt":"2019-01-23T11:13:08","guid":{"rendered":"http:\/\/demo.sparklewpthemes.com\/medicalheed\/?page_id=114"},"modified":"2025-06-13T15:36:00","modified_gmt":"2025-06-13T19:36:00","slug":"about-us-2","status":"publish","type":"page","link":"https:\/\/cliniquesoin2pieds.ca\/index.php\/about-us-2\/","title":{"rendered":"\u00c0 Propos de Nous"},"content":{"rendered":"\n<p><strong>Clinique Soin 2 Pieds<\/strong> est une clinique sp\u00e9cialis\u00e9e en soins de pieds offrant des services professionnels, attentionn\u00e9s et adapt\u00e9s aux besoins de chacun. Notre mission est simple : contribuer \u00e0 votre bien-\u00eatre en vous aidant \u00e0 garder des pieds en sant\u00e9, confortables et esth\u00e9tiques.<\/p>\n\n\n\n<p>Avec une approche humaine, respectueuse et rigoureuse, notre \u00e9quipe de professionnels qualifi\u00e9s vous accueille dans un environnement chaleureux et s\u00e9curitaire. Nous utilisons des instruments st\u00e9rilis\u00e9s selon les normes les plus strictes, et des techniques reconnues pour soulager, pr\u00e9venir et traiter les inconforts plantaires les plus courants.<\/p>\n\n\n\n<p>Que ce soit pour une simple mise en beaut\u00e9 ou pour un probl\u00e8me de sant\u00e9 plus sp\u00e9cifique (callosit\u00e9s, cors, ongles incarn\u00e9s, crevasses\u2026), nous prenons soin de vous\u2026 un pas \u00e0 la fois.<\/p>\n\n\n\n<p>Parce que des pieds bien soign\u00e9s, c\u2019est un pas de plus vers une meilleure qualit\u00e9 de vie.<\/p>\n\n\n\n<p>Nos heures d&rsquo;ouverture sont du Lundi au Vendredi de 8h \u00e0 21h. Nous sommes l\u00e0 pour vous soutenir dans votre cheminement et vous aider \u00e0 atteindre vos objectifs. N&rsquo;h\u00e9sitez pas \u00e0 nous contacter pendant ces heures pour toute question ou information suppl\u00e9mentaire.<\/p>\n\n\n\n<h3 class=\"wp-block-heading\"> <\/h3>\n","protected":false},"excerpt":{"rendered":"<p>Clinique Soin 2 Pieds est une clinique sp\u00e9cialis\u00e9e en soins de pieds offrant des services professionnels, attentionn\u00e9s et adapt\u00e9s aux besoins de chacun. Notre mission est simple : contribuer \u00e0 votre bien-\u00eatre en vous aidant \u00e0 garder des pieds en sant\u00e9, confortables et esth\u00e9tiques. Avec&hellip;<\/p>\n","protected":false},"author":1,"featured_media":295,"parent":0,"menu_order":0,"comment_status":"closed","ping_status":"closed","template":"","meta":{"footnotes":""},"class_list":["post-114","page","type-page","status-publish","has-post-thumbnail","hentry"],"_links":{"self":[{"href":"https:\/\/cliniquesoin2pieds.ca\/index.php\/wp-json\/wp\/v2\/pages\/114","targetHints":{"allow":["GET"]}}],"collection":[{"href":"https:\/\/cliniquesoin2pieds.ca\/index.php\/wp-json\/wp\/v2\/pages"}],"about":[{"href":"https:\/\/cliniquesoin2pieds.ca\/index.php\/wp-json\/wp\/v2\/types\/page"}],"author":[{"embeddable":true,"href":"https:\/\/cliniquesoin2pieds.ca\/index.php\/wp-json\/wp\/v2\/users\/1"}],"replies":[{"embeddable":true,"href":"https:\/\/cliniquesoin2pieds.ca\/index.php\/wp-json\/wp\/v2\/comments?post=114"}],"version-history":[{"count":8,"href":"https:\/\/cliniquesoin2pieds.ca\/index.php\/wp-json\/wp\/v2\/pages\/114\/revisions"}],"predecessor-version":[{"id":314,"href":"https:\/\/cliniquesoin2pieds.ca\/index.php\/wp-json\/wp\/v2\/pages\/114\/revisions\/314"}],"wp:featuredmedia":[{"embeddable":true,"href":"https:\/\/cliniquesoin2pieds.ca\/index.php\/wp-json\/wp\/v2\/media\/295"}],"wp:attachment":[{"href":"https:\/\/cliniquesoin2pieds.ca\/index.php\/wp-json\/wp\/v2\/media?parent=114"}],"curies":[{"name":"wp","href":"https:\/\/api.w.org\/{rel}","templated":true}]}}